{"id":1292,"date":"2025-05-16T15:45:59","date_gmt":"2025-05-16T13:45:59","guid":{"rendered":"https:\/\/collegelegrandclos.fr\/?page_id=1292"},"modified":"2025-05-16T15:58:58","modified_gmt":"2025-05-16T13:58:58","slug":"reglement-interieur","status":"publish","type":"page","link":"https:\/\/collegelegrandclos.fr\/index.php\/vie-au-college\/reglement-interieur\/","title":{"rendered":"REGLEMENT INTERIEUR"},"content":{"rendered":"\n<p>REGLEMENT INTERIEUR 2024-2025<\/p>\n\n\n\n<div data-wp-interactive=\"core\/file\" class=\"wp-block-file\"><object data-wp-bind--hidden=\"!state.hasPdfPreview\" hidden class=\"wp-block-file__embed\" data=\"https:\/\/collegelegrandclos.fr\/wp-content\/uploads\/2025\/05\/REGLEMENT-INTERIEUR2024-25LGC.pdf\" type=\"application\/pdf\" style=\"width:100%;height:600px\" aria-label=\"Contenu embarqu\u00e9 R\u00c8GLEMENT INT\u00c9RIEUR2024-25LGC.\"><\/object><a id=\"wp-block-file--media-0e219c6c-a986-462e-af18-fffca41dff87\" href=\"https:\/\/collegelegrandclos.fr\/wp-content\/uploads\/2025\/05\/REGLEMENT-INTERIEUR2024-25LGC.pdf\" target=\"_blank\" rel=\"noreferrer noopener\">R\u00c8GLEMENT INT\u00c9RIEUR2024-25LGC<\/a><a href=\"https:\/\/collegelegrandclos.fr\/wp-content\/uploads\/2025\/05\/REGLEMENT-INTERIEUR2024-25LGC.pdf\" class=\"wp-block-file__button wp-element-button\" download aria-describedby=\"wp-block-file--media-0e219c6c-a986-462e-af18-fffca41dff87\">T\u00e9l\u00e9charger<\/a><\/div>\n","protected":false},"excerpt":{"rendered":"<p>REGLEMENT INTERIEUR 2024-2025<\/p>\n","protected":false},"author":1,"featured_media":0,"parent":428,"menu_order":0,"comment_status":"closed","ping_status":"closed","template":"","meta":{"_eb_attr":"","_monsterinsights_skip_tracking":false,"_monsterinsights_sitenote_active":false,"_monsterinsights_sitenote_note":"","_monsterinsights_sitenote_category":0,"ocean_post_layout":"","ocean_both_sidebars_style":"","ocean_both_sidebars_content_width":0,"ocean_both_sidebars_sidebars_width":0,"ocean_sidebar":"","ocean_second_sidebar":"","ocean_disable_margins":"enable","ocean_add_body_class":"","ocean_shortcode_before_top_bar":"","ocean_shortcode_after_top_bar":"","ocean_shortcode_before_header":"","ocean_shortcode_after_header":"","ocean_has_shortcode":"","ocean_shortcode_after_title":"","ocean_shortcode_before_footer_widgets":"","ocean_shortcode_after_footer_widgets":"","ocean_shortcode_before_footer_bottom":"","ocean_shortcode_after_footer_bottom":"","ocean_display_top_bar":"default","ocean_display_header":"default","ocean_header_style":"","ocean_center_header_left_menu":"","ocean_custom_header_template":"","ocean_custom_logo":0,"ocean_custom_retina_logo":0,"ocean_custom_logo_max_width":0,"ocean_custom_logo_tablet_max_width":0,"ocean_custom_logo_mobile_max_width":0,"ocean_custom_logo_max_height":0,"ocean_custom_logo_tablet_max_height":0,"ocean_custom_logo_mobile_max_height":0,"ocean_header_custom_menu":"","ocean_menu_typo_font_family":"","ocean_menu_typo_font_subset":"","ocean_menu_typo_font_size":0,"ocean_menu_typo_font_size_tablet":0,"ocean_menu_typo_font_size_mobile":0,"ocean_menu_typo_font_size_unit":"px","ocean_menu_typo_font_weight":"","ocean_menu_typo_font_weight_tablet":"","ocean_menu_typo_font_weight_mobile":"","ocean_menu_typo_transform":"","ocean_menu_typo_transform_tablet":"","ocean_menu_typo_transform_mobile":"","ocean_menu_typo_line_height":0,"ocean_menu_typo_line_height_tablet":0,"ocean_menu_typo_line_height_mobile":0,"ocean_menu_typo_line_height_unit":"","ocean_menu_typo_spacing":0,"ocean_menu_typo_spacing_tablet":0,"ocean_menu_typo_spacing_mobile":0,"ocean_menu_typo_spacing_unit":"","ocean_menu_link_color":"","ocean_menu_link_color_hover":"","ocean_menu_link_color_active":"","ocean_menu_link_background":"","ocean_menu_link_hover_background":"","ocean_menu_link_active_background":"","ocean_menu_social_links_bg":"","ocean_menu_social_hover_links_bg":"","ocean_menu_social_links_color":"","ocean_menu_social_hover_links_color":"","ocean_disable_title":"default","ocean_disable_heading":"default","ocean_post_title":"","ocean_post_subheading":"","ocean_post_title_style":"","ocean_post_title_background_color":"","ocean_post_title_background":0,"ocean_post_title_bg_image_position":"","ocean_post_title_bg_image_attachment":"","ocean_post_title_bg_image_repeat":"","ocean_post_title_bg_image_size":"","ocean_post_title_height":0,"ocean_post_title_bg_overlay":0.5,"ocean_post_title_bg_overlay_color":"","ocean_disable_breadcrumbs":"default","ocean_breadcrumbs_color":"","ocean_breadcrumbs_separator_color":"","ocean_breadcrumbs_links_color":"","ocean_breadcrumbs_links_hover_color":"","ocean_display_footer_widgets":"default","ocean_display_footer_bottom":"default","ocean_custom_footer_template":"","cybocfi_hide_featured_image":"","footnotes":""},"class_list":["post-1292","page","type-page","status-publish","hentry","entry"],"aioseo_notices":[],"yoast_head":"<!-- This site is optimized with the Yoast SEO plugin v27.3 - https:\/\/yoast.com\/product\/yoast-seo-wordpress\/ -->\n<title>REGLEMENT INTERIEUR - LE GRAND CLOS<\/title>\n<meta name=\"robots\" content=\"index, follow, max-snippet:-1, max-image-preview:large, max-video-preview:-1\" \/>\n<link rel=\"canonical\" href=\"https:\/\/collegelegrandclos.fr\/index.php\/vie-au-college\/reglement-interieur\/\" \/>\n<meta property=\"og:locale\" content=\"fr_FR\" \/>\n<meta property=\"og:type\" content=\"article\" \/>\n<meta property=\"og:title\" content=\"REGLEMENT INTERIEUR - LE GRAND CLOS\" \/>\n<meta property=\"og:description\" content=\"REGLEMENT INTERIEUR 2024-2025\" \/>\n<meta property=\"og:url\" content=\"https:\/\/collegelegrandclos.fr\/index.php\/vie-au-college\/reglement-interieur\/\" \/>\n<meta property=\"og:site_name\" content=\"LE GRAND CLOS\" \/>\n<meta property=\"article:modified_time\" content=\"2025-05-16T13:58:58+00:00\" \/>\n<meta name=\"twitter:card\" content=\"summary_large_image\" \/>\n<meta name=\"twitter:label1\" content=\"Dur\u00e9e de lecture estim\u00e9e\" \/>\n\t<meta name=\"twitter:data1\" content=\"1 minute\" \/>\n<script type=\"application\/ld+json\" class=\"yoast-schema-graph\">{\"@context\":\"https:\\\/\\\/schema.org\",\"@graph\":[{\"@type\":\"WebPage\",\"@id\":\"https:\\\/\\\/collegelegrandclos.fr\\\/index.php\\\/vie-au-college\\\/reglement-interieur\\\/\",\"url\":\"https:\\\/\\\/collegelegrandclos.fr\\\/index.php\\\/vie-au-college\\\/reglement-interieur\\\/\",\"name\":\"REGLEMENT INTERIEUR - LE GRAND CLOS\",\"isPartOf\":{\"@id\":\"http:\\\/\\\/collegelegrandclos.fr\\\/#website\"},\"datePublished\":\"2025-05-16T13:45:59+00:00\",\"dateModified\":\"2025-05-16T13:58:58+00:00\",\"breadcrumb\":{\"@id\":\"https:\\\/\\\/collegelegrandclos.fr\\\/index.php\\\/vie-au-college\\\/reglement-interieur\\\/#breadcrumb\"},\"inLanguage\":\"fr-FR\",\"potentialAction\":[{\"@type\":\"ReadAction\",\"target\":[\"https:\\\/\\\/collegelegrandclos.fr\\\/index.php\\\/vie-au-college\\\/reglement-interieur\\\/\"]}]},{\"@type\":\"BreadcrumbList\",\"@id\":\"https:\\\/\\\/collegelegrandclos.fr\\\/index.php\\\/vie-au-college\\\/reglement-interieur\\\/#breadcrumb\",\"itemListElement\":[{\"@type\":\"ListItem\",\"position\":1,\"name\":\"Accueil\",\"item\":\"http:\\\/\\\/collegelegrandclos.fr\\\/\"},{\"@type\":\"ListItem\",\"position\":2,\"name\":\"VIE AU COLLEGE\",\"item\":\"https:\\\/\\\/collegelegrandclos.fr\\\/index.php\\\/vie-au-college\\\/\"},{\"@type\":\"ListItem\",\"position\":3,\"name\":\"REGLEMENT INTERIEUR\"}]},{\"@type\":\"WebSite\",\"@id\":\"http:\\\/\\\/collegelegrandclos.fr\\\/#website\",\"url\":\"http:\\\/\\\/collegelegrandclos.fr\\\/\",\"name\":\"LE GRAND CLOS\",\"description\":\"\",\"publisher\":{\"@id\":\"http:\\\/\\\/collegelegrandclos.fr\\\/#organization\"},\"potentialAction\":[{\"@type\":\"SearchAction\",\"target\":{\"@type\":\"EntryPoint\",\"urlTemplate\":\"http:\\\/\\\/collegelegrandclos.fr\\\/?s={search_term_string}\"},\"query-input\":{\"@type\":\"PropertyValueSpecification\",\"valueRequired\":true,\"valueName\":\"search_term_string\"}}],\"inLanguage\":\"fr-FR\"},{\"@type\":\"Organization\",\"@id\":\"http:\\\/\\\/collegelegrandclos.fr\\\/#organization\",\"name\":\"LE GRAND CLOS\",\"url\":\"http:\\\/\\\/collegelegrandclos.fr\\\/\",\"logo\":{\"@type\":\"ImageObject\",\"inLanguage\":\"fr-FR\",\"@id\":\"http:\\\/\\\/collegelegrandclos.fr\\\/#\\\/schema\\\/logo\\\/image\\\/\",\"url\":\"\",\"contentUrl\":\"\",\"caption\":\"LE GRAND CLOS\"},\"image\":{\"@id\":\"http:\\\/\\\/collegelegrandclos.fr\\\/#\\\/schema\\\/logo\\\/image\\\/\"}}]}<\/script>\n<!-- \/ Yoast SEO plugin. -->","yoast_head_json":{"title":"REGLEMENT INTERIEUR - LE GRAND CLOS","robots":{"index":"index","follow":"follow","max-snippet":"max-snippet:-1","max-image-preview":"max-image-preview:large","max-video-preview":"max-video-preview:-1"},"canonical":"https:\/\/collegelegrandclos.fr\/index.php\/vie-au-college\/reglement-interieur\/","og_locale":"fr_FR","og_type":"article","og_title":"REGLEMENT INTERIEUR - LE GRAND CLOS","og_description":"REGLEMENT INTERIEUR 2024-2025","og_url":"https:\/\/collegelegrandclos.fr\/index.php\/vie-au-college\/reglement-interieur\/","og_site_name":"LE GRAND CLOS","article_modified_time":"2025-05-16T13:58:58+00:00","twitter_card":"summary_large_image","twitter_misc":{"Dur\u00e9e de lecture estim\u00e9e":"1 minute"},"schema":{"@context":"https:\/\/schema.org","@graph":[{"@type":"WebPage","@id":"https:\/\/collegelegrandclos.fr\/index.php\/vie-au-college\/reglement-interieur\/","url":"https:\/\/collegelegrandclos.fr\/index.php\/vie-au-college\/reglement-interieur\/","name":"REGLEMENT INTERIEUR - LE GRAND CLOS","isPartOf":{"@id":"http:\/\/collegelegrandclos.fr\/#website"},"datePublished":"2025-05-16T13:45:59+00:00","dateModified":"2025-05-16T13:58:58+00:00","breadcrumb":{"@id":"https:\/\/collegelegrandclos.fr\/index.php\/vie-au-college\/reglement-interieur\/#breadcrumb"},"inLanguage":"fr-FR","potentialAction":[{"@type":"ReadAction","target":["https:\/\/collegelegrandclos.fr\/index.php\/vie-au-college\/reglement-interieur\/"]}]},{"@type":"BreadcrumbList","@id":"https:\/\/collegelegrandclos.fr\/index.php\/vie-au-college\/reglement-interieur\/#breadcrumb","itemListElement":[{"@type":"ListItem","position":1,"name":"Accueil","item":"http:\/\/collegelegrandclos.fr\/"},{"@type":"ListItem","position":2,"name":"VIE AU COLLEGE","item":"https:\/\/collegelegrandclos.fr\/index.php\/vie-au-college\/"},{"@type":"ListItem","position":3,"name":"REGLEMENT INTERIEUR"}]},{"@type":"WebSite","@id":"http:\/\/collegelegrandclos.fr\/#website","url":"http:\/\/collegelegrandclos.fr\/","name":"LE GRAND CLOS","description":"","publisher":{"@id":"http:\/\/collegelegrandclos.fr\/#organization"},"potentialAction":[{"@type":"SearchAction","target":{"@type":"EntryPoint","urlTemplate":"http:\/\/collegelegrandclos.fr\/?s={search_term_string}"},"query-input":{"@type":"PropertyValueSpecification","valueRequired":true,"valueName":"search_term_string"}}],"inLanguage":"fr-FR"},{"@type":"Organization","@id":"http:\/\/collegelegrandclos.fr\/#organization","name":"LE GRAND CLOS","url":"http:\/\/collegelegrandclos.fr\/","logo":{"@type":"ImageObject","inLanguage":"fr-FR","@id":"http:\/\/collegelegrandclos.fr\/#\/schema\/logo\/image\/","url":"","contentUrl":"","caption":"LE GRAND CLOS"},"image":{"@id":"http:\/\/collegelegrandclos.fr\/#\/schema\/logo\/image\/"}}]}},"_links":{"self":[{"href":"https:\/\/collegelegrandclos.fr\/index.php\/wp-json\/wp\/v2\/pages\/1292","targetHints":{"allow":["GET"]}}],"collection":[{"href":"https:\/\/collegelegrandclos.fr\/index.php\/wp-json\/wp\/v2\/pages"}],"about":[{"href":"https:\/\/collegelegrandclos.fr\/index.php\/wp-json\/wp\/v2\/types\/page"}],"author":[{"embeddable":true,"href":"https:\/\/collegelegrandclos.fr\/index.php\/wp-json\/wp\/v2\/users\/1"}],"replies":[{"embeddable":true,"href":"https:\/\/collegelegrandclos.fr\/index.php\/wp-json\/wp\/v2\/comments?post=1292"}],"version-history":[{"count":1,"href":"https:\/\/collegelegrandclos.fr\/index.php\/wp-json\/wp\/v2\/pages\/1292\/revisions"}],"predecessor-version":[{"id":1294,"href":"https:\/\/collegelegrandclos.fr\/index.php\/wp-json\/wp\/v2\/pages\/1292\/revisions\/1294"}],"up":[{"embeddable":true,"href":"https:\/\/collegelegrandclos.fr\/index.php\/wp-json\/wp\/v2\/pages\/428"}],"wp:attachment":[{"href":"https:\/\/collegelegrandclos.fr\/index.php\/wp-json\/wp\/v2\/media?parent=1292"}],"curies":[{"name":"wp","href":"https:\/\/api.w.org\/{rel}","templated":true}]}}