{"id":852,"date":"2025-01-18T15:40:12","date_gmt":"2025-01-18T14:40:12","guid":{"rendered":"https:\/\/collegelegrandclos.fr\/?page_id=852"},"modified":"2025-10-24T16:44:28","modified_gmt":"2025-10-24T14:44:28","slug":"self","status":"publish","type":"page","link":"http:\/\/collegelegrandclos.fr\/index.php\/self\/","title":{"rendered":"LE SELF"},"content":{"rendered":"\n<p>&#8211; <strong>Tarifs :<\/strong><\/p>\n\n\n\n<p>Suite \u00e0 la d\u00e9lib\u00e9ration du Conseil d\u00e9partemental en date du 18\/10\/2024,&nbsp; \u00e0 partir du 1er janvier 2025,&nbsp;les tarifs de demi-pension&nbsp;sont les suivants:<\/p>\n\n\n\n<ul class=\"wp-block-list\">\n<li><strong>Demi-pensionnaire 4 Jours<\/strong>&nbsp;: 518,00 \u20ac \/ an (sur la base de 140 jours de fonctionnement)<\/li>\n\n\n\n<li><strong>La facturation est faite au trimestre<\/strong> : \n<ul class=\"wp-block-list\">\n<li class=\"has-vivid-green-cyan-color has-text-color has-link-color has-medium-font-size wp-elements-f6b9930fb49e66f86f65aa17d33590ba\">Trimestre 1 : septembre \u00e0 d\u00e9cembre <\/li>\n\n\n\n<li class=\"has-vivid-green-cyan-color has-text-color has-link-color has-medium-font-size wp-elements-ab9e62f31de0e0a16d4ded9ee6bb909f\">Trimestre 2 : janvier \u00e0 mars<\/li>\n\n\n\n<li class=\"has-vivid-green-cyan-color has-text-color has-link-color has-medium-font-size wp-elements-e17719f1e24ca69f15796e0b0e28a9df\">Trimestre 3 : avril \u00e0 juillet  <\/li>\n\n\n\n<li><strong>\u00c9l\u00e8ves externes : 4,50 \u20ac<\/strong> \/ par repas (payable d&rsquo;avance)<\/li>\n<\/ul>\n<\/li>\n<\/ul>\n\n\n\n<pre class=\"wp-block-preformatted has-white-color has-vivid-green-cyan-background-color has-text-color has-background has-large-font-size\"><strong>Menus<\/strong> : cliquer sur l'onglet PRONOTE SITE<\/pre>\n\n\n\n<p>Pour contacter le service gestion, vous pouvez \u00e9crire \u00e0 :&nbsp;&nbsp;<\/p>\n\n\n\n<p><strong>sg.legrandclos@ac-orleans-tours.fr&nbsp;<\/strong><\/p>\n\n\n<div class=\"root-eb-post-grid-y2hgp wp-block-essential-blocks-post-grid\">\n    <div class=\"eb-parent-wrapper eb-parent-eb-post-grid-y2hgp \">\n        <div class=\"eb-post-grid-y2hgp style-5 eb-post-grid-wrapper\"\n            data-id=\"eb-post-grid-y2hgp\"\n            data-querydata=\"{&quot;source&quot;:&quot;post&quot;,&quot;sourceIndex&quot;:0,&quot;rest_base&quot;:&quot;posts&quot;,&quot;rest_namespace&quot;:&quot;wp\\\/v2&quot;,&quot;author&quot;:&quot;&quot;,&quot;taxonomies&quot;:{&quot;category&quot;:{&quot;name&quot;:&quot;Cat\\u00e9gories&quot;,&quot;rest_base&quot;:&quot;categories&quot;,&quot;rest_namespace&quot;:&quot;wp\\\/v2&quot;,&quot;slug&quot;:&quot;category&quot;,&quot;value&quot;:&quot;[{\\&quot;value\\&quot;:74,\\&quot;label\\&quot;:\\&quot;self\\&quot;}]&quot;}},&quot;per_page&quot;:&quot;6&quot;,&quot;offset&quot;:&quot;0&quot;,&quot;orderby&quot;:&quot;date&quot;,&quot;order&quot;:&quot;desc&quot;,&quot;include&quot;:&quot;&quot;,&quot;exclude&quot;:&quot;&quot;,&quot;exclude_current&quot;:false}\"\n            data-attributes=\"{&quot;thumbnailSize&quot;:&quot;&quot;,&quot;loadMoreOptions&quot;:{&quot;enableMorePosts&quot;:false,&quot;loadMoreType&quot;:&quot;1&quot;,&quot;loadMoreButtonTxt&quot;:&quot;Load More&quot;,&quot;alignment&quot;:&quot;center&quot;,&quot;prevTxt&quot;:&quot;&lt;&quot;,&quot;nextTxt&quot;:&quot;&gt;&quot;,&quot;totalPosts&quot;:0},&quot;showSearch&quot;:false,&quot;showTaxonomyFilter&quot;:false,&quot;enableAjaxSearch&quot;:false,&quot;addIcon&quot;:false,&quot;iconPosition&quot;:&quot;left&quot;,&quot;icon&quot;:&quot;fas fa-chevron-right&quot;,&quot;preset&quot;:&quot;style-5&quot;,&quot;defaultFilter&quot;:&quot;all&quot;,&quot;version&quot;:&quot;v2&quot;,&quot;showBlockContent&quot;:true,&quot;showFallbackImg&quot;:false,&quot;fallbackImgUrl&quot;:&quot;&quot;,&quot;showThumbnail&quot;:true,&quot;showTitle&quot;:true,&quot;titleLength&quot;:&quot;&quot;,&quot;titleTag&quot;:&quot;h2&quot;,&quot;showContent&quot;:false,&quot;contentLength&quot;:20,&quot;expansionIndicator&quot;:&quot;...&quot;,&quot;showReadMore&quot;:false,&quot;readmoreText&quot;:&quot;Read More&quot;,&quot;showMeta&quot;:true,&quot;headerMeta&quot;:&quot;[{\\&quot;value\\&quot;:\\&quot;date\\&quot;,\\&quot;label\\&quot;:\\&quot;Published Date\\&quot;}]&quot;,&quot;footerMeta&quot;:&quot;[]&quot;,&quot;authorPrefix&quot;:&quot;by&quot;,&quot;datePrefix&quot;:&quot;on&quot;}\">\n\n            \n\n            <p>\n    No Posts Found<\/p>\n        <\/div>\n    <\/div>\n<\/div>\n","protected":false},"excerpt":{"rendered":"<p>&#8211; Tarifs : Suite \u00e0 la d\u00e9lib\u00e9ration du Conseil d\u00e9partemental en date du 18\/10\/2024,&nbsp; \u00e0 partir du 1er janvier 2025,&nbsp;les tarifs de demi-pension&nbsp;sont les suivants: Menus : cliquer sur l&rsquo;onglet PRONOTE SITE Pour contacter le service gestion, vous pouvez \u00e9crire \u00e0 :&nbsp;&nbsp; sg.legrandclos@ac-orleans-tours.fr&nbsp;<\/p>\n","protected":false},"author":1,"featured_media":0,"parent":0,"menu_order":0,"comment_status":"closed","ping_status":"closed","template":"","meta":{"_eb_attr":"","_monsterinsights_skip_tracking":false,"_monsterinsights_sitenote_active":false,"_monsterinsights_sitenote_note":"","_monsterinsights_sitenote_category":0,"ocean_post_layout":"","ocean_both_sidebars_style":"","ocean_both_sidebars_content_width":0,"ocean_both_sidebars_sidebars_width":0,"ocean_sidebar":"","ocean_second_sidebar":"","ocean_disable_margins":"enable","ocean_add_body_class":"","ocean_shortcode_before_top_bar":"","ocean_shortcode_after_top_bar":"","ocean_shortcode_before_header":"","ocean_shortcode_after_header":"","ocean_has_shortcode":"","ocean_shortcode_after_title":"","ocean_shortcode_before_footer_widgets":"","ocean_shortcode_after_footer_widgets":"","ocean_shortcode_before_footer_bottom":"","ocean_shortcode_after_footer_bottom":"","ocean_display_top_bar":"default","ocean_display_header":"default","ocean_header_style":"","ocean_center_header_left_menu":"","ocean_custom_header_template":"","ocean_custom_logo":0,"ocean_custom_retina_logo":0,"ocean_custom_logo_max_width":0,"ocean_custom_logo_tablet_max_width":0,"ocean_custom_logo_mobile_max_width":0,"ocean_custom_logo_max_height":0,"ocean_custom_logo_tablet_max_height":0,"ocean_custom_logo_mobile_max_height":0,"ocean_header_custom_menu":"","ocean_menu_typo_font_family":"","ocean_menu_typo_font_subset":"","ocean_menu_typo_font_size":0,"ocean_menu_typo_font_size_tablet":0,"ocean_menu_typo_font_size_mobile":0,"ocean_menu_typo_font_size_unit":"px","ocean_menu_typo_font_weight":"","ocean_menu_typo_font_weight_tablet":"","ocean_menu_typo_font_weight_mobile":"","ocean_menu_typo_transform":"","ocean_menu_typo_transform_tablet":"","ocean_menu_typo_transform_mobile":"","ocean_menu_typo_line_height":0,"ocean_menu_typo_line_height_tablet":0,"ocean_menu_typo_line_height_mobile":0,"ocean_menu_typo_line_height_unit":"","ocean_menu_typo_spacing":0,"ocean_menu_typo_spacing_tablet":0,"ocean_menu_typo_spacing_mobile":0,"ocean_menu_typo_spacing_unit":"","ocean_menu_link_color":"","ocean_menu_link_color_hover":"","ocean_menu_link_color_active":"","ocean_menu_link_background":"","ocean_menu_link_hover_background":"","ocean_menu_link_active_background":"","ocean_menu_social_links_bg":"","ocean_menu_social_hover_links_bg":"","ocean_menu_social_links_color":"","ocean_menu_social_hover_links_color":"","ocean_disable_title":"default","ocean_disable_heading":"default","ocean_post_title":"","ocean_post_subheading":"","ocean_post_title_style":"","ocean_post_title_background_color":"","ocean_post_title_background":0,"ocean_post_title_bg_image_position":"","ocean_post_title_bg_image_attachment":"","ocean_post_title_bg_image_repeat":"","ocean_post_title_bg_image_size":"","ocean_post_title_height":0,"ocean_post_title_bg_overlay":0.5,"ocean_post_title_bg_overlay_color":"","ocean_disable_breadcrumbs":"default","ocean_breadcrumbs_color":"","ocean_breadcrumbs_separator_color":"","ocean_breadcrumbs_links_color":"","ocean_breadcrumbs_links_hover_color":"","ocean_display_footer_widgets":"default","ocean_display_footer_bottom":"default","ocean_custom_footer_template":"","cybocfi_hide_featured_image":"","footnotes":""},"class_list":["post-852","page","type-page","status-publish","hentry","entry"],"aioseo_notices":[],"yoast_head":"<!-- This site is optimized with the Yoast SEO plugin v27.3 - https:\/\/yoast.com\/product\/yoast-seo-wordpress\/ -->\n<title>LE SELF - LE GRAND CLOS<\/title>\n<meta name=\"robots\" content=\"index, follow, max-snippet:-1, max-image-preview:large, max-video-preview:-1\" \/>\n<link rel=\"canonical\" href=\"https:\/\/collegelegrandclos.fr\/index.php\/self\/\" \/>\n<meta property=\"og:locale\" content=\"fr_FR\" \/>\n<meta property=\"og:type\" content=\"article\" \/>\n<meta property=\"og:title\" content=\"LE SELF - LE GRAND CLOS\" \/>\n<meta property=\"og:description\" content=\"&#8211; Tarifs : Suite \u00e0 la d\u00e9lib\u00e9ration du Conseil d\u00e9partemental en date du 18\/10\/2024,&nbsp; \u00e0 partir du 1er janvier 2025,&nbsp;les tarifs de demi-pension&nbsp;sont les suivants: Menus : cliquer sur l&#039;onglet PRONOTE SITE Pour contacter le service gestion, vous pouvez \u00e9crire \u00e0 :&nbsp;&nbsp; sg.legrandclos@ac-orleans-tours.fr&nbsp;\" \/>\n<meta property=\"og:url\" content=\"https:\/\/collegelegrandclos.fr\/index.php\/self\/\" \/>\n<meta property=\"og:site_name\" content=\"LE GRAND CLOS\" \/>\n<meta property=\"article:modified_time\" content=\"2025-10-24T14:44:28+00:00\" \/>\n<meta name=\"twitter:card\" content=\"summary_large_image\" \/>\n<meta name=\"twitter:label1\" content=\"Dur\u00e9e de lecture estim\u00e9e\" \/>\n\t<meta name=\"twitter:data1\" content=\"1 minute\" \/>\n<script type=\"application\/ld+json\" class=\"yoast-schema-graph\">{\"@context\":\"https:\\\/\\\/schema.org\",\"@graph\":[{\"@type\":\"WebPage\",\"@id\":\"https:\\\/\\\/collegelegrandclos.fr\\\/index.php\\\/self\\\/\",\"url\":\"https:\\\/\\\/collegelegrandclos.fr\\\/index.php\\\/self\\\/\",\"name\":\"LE SELF - LE GRAND CLOS\",\"isPartOf\":{\"@id\":\"https:\\\/\\\/collegelegrandclos.fr\\\/#website\"},\"datePublished\":\"2025-01-18T14:40:12+00:00\",\"dateModified\":\"2025-10-24T14:44:28+00:00\",\"breadcrumb\":{\"@id\":\"https:\\\/\\\/collegelegrandclos.fr\\\/index.php\\\/self\\\/#breadcrumb\"},\"inLanguage\":\"fr-FR\",\"potentialAction\":[{\"@type\":\"ReadAction\",\"target\":[\"https:\\\/\\\/collegelegrandclos.fr\\\/index.php\\\/self\\\/\"]}]},{\"@type\":\"BreadcrumbList\",\"@id\":\"https:\\\/\\\/collegelegrandclos.fr\\\/index.php\\\/self\\\/#breadcrumb\",\"itemListElement\":[{\"@type\":\"ListItem\",\"position\":1,\"name\":\"Accueil\",\"item\":\"https:\\\/\\\/collegelegrandclos.fr\\\/\"},{\"@type\":\"ListItem\",\"position\":2,\"name\":\"LE SELF\"}]},{\"@type\":\"WebSite\",\"@id\":\"https:\\\/\\\/collegelegrandclos.fr\\\/#website\",\"url\":\"https:\\\/\\\/collegelegrandclos.fr\\\/\",\"name\":\"LE GRAND CLOS\",\"description\":\"\",\"publisher\":{\"@id\":\"https:\\\/\\\/collegelegrandclos.fr\\\/#organization\"},\"potentialAction\":[{\"@type\":\"SearchAction\",\"target\":{\"@type\":\"EntryPoint\",\"urlTemplate\":\"https:\\\/\\\/collegelegrandclos.fr\\\/?s={search_term_string}\"},\"query-input\":{\"@type\":\"PropertyValueSpecification\",\"valueRequired\":true,\"valueName\":\"search_term_string\"}}],\"inLanguage\":\"fr-FR\"},{\"@type\":\"Organization\",\"@id\":\"https:\\\/\\\/collegelegrandclos.fr\\\/#organization\",\"name\":\"LE GRAND CLOS\",\"url\":\"https:\\\/\\\/collegelegrandclos.fr\\\/\",\"logo\":{\"@type\":\"ImageObject\",\"inLanguage\":\"fr-FR\",\"@id\":\"https:\\\/\\\/collegelegrandclos.fr\\\/#\\\/schema\\\/logo\\\/image\\\/\",\"url\":\"\",\"contentUrl\":\"\",\"caption\":\"LE GRAND CLOS\"},\"image\":{\"@id\":\"https:\\\/\\\/collegelegrandclos.fr\\\/#\\\/schema\\\/logo\\\/image\\\/\"}}]}<\/script>\n<!-- \/ Yoast SEO plugin. -->","yoast_head_json":{"title":"LE SELF - LE GRAND CLOS","robots":{"index":"index","follow":"follow","max-snippet":"max-snippet:-1","max-image-preview":"max-image-preview:large","max-video-preview":"max-video-preview:-1"},"canonical":"https:\/\/collegelegrandclos.fr\/index.php\/self\/","og_locale":"fr_FR","og_type":"article","og_title":"LE SELF - LE GRAND CLOS","og_description":"&#8211; Tarifs : Suite \u00e0 la d\u00e9lib\u00e9ration du Conseil d\u00e9partemental en date du 18\/10\/2024,&nbsp; \u00e0 partir du 1er janvier 2025,&nbsp;les tarifs de demi-pension&nbsp;sont les suivants: Menus : cliquer sur l'onglet PRONOTE SITE Pour contacter le service gestion, vous pouvez \u00e9crire \u00e0 :&nbsp;&nbsp; sg.legrandclos@ac-orleans-tours.fr&nbsp;","og_url":"https:\/\/collegelegrandclos.fr\/index.php\/self\/","og_site_name":"LE GRAND CLOS","article_modified_time":"2025-10-24T14:44:28+00:00","twitter_card":"summary_large_image","twitter_misc":{"Dur\u00e9e de lecture estim\u00e9e":"1 minute"},"schema":{"@context":"https:\/\/schema.org","@graph":[{"@type":"WebPage","@id":"https:\/\/collegelegrandclos.fr\/index.php\/self\/","url":"https:\/\/collegelegrandclos.fr\/index.php\/self\/","name":"LE SELF - LE GRAND CLOS","isPartOf":{"@id":"https:\/\/collegelegrandclos.fr\/#website"},"datePublished":"2025-01-18T14:40:12+00:00","dateModified":"2025-10-24T14:44:28+00:00","breadcrumb":{"@id":"https:\/\/collegelegrandclos.fr\/index.php\/self\/#breadcrumb"},"inLanguage":"fr-FR","potentialAction":[{"@type":"ReadAction","target":["https:\/\/collegelegrandclos.fr\/index.php\/self\/"]}]},{"@type":"BreadcrumbList","@id":"https:\/\/collegelegrandclos.fr\/index.php\/self\/#breadcrumb","itemListElement":[{"@type":"ListItem","position":1,"name":"Accueil","item":"https:\/\/collegelegrandclos.fr\/"},{"@type":"ListItem","position":2,"name":"LE SELF"}]},{"@type":"WebSite","@id":"https:\/\/collegelegrandclos.fr\/#website","url":"https:\/\/collegelegrandclos.fr\/","name":"LE GRAND CLOS","description":"","publisher":{"@id":"https:\/\/collegelegrandclos.fr\/#organization"},"potentialAction":[{"@type":"SearchAction","target":{"@type":"EntryPoint","urlTemplate":"https:\/\/collegelegrandclos.fr\/?s={search_term_string}"},"query-input":{"@type":"PropertyValueSpecification","valueRequired":true,"valueName":"search_term_string"}}],"inLanguage":"fr-FR"},{"@type":"Organization","@id":"https:\/\/collegelegrandclos.fr\/#organization","name":"LE GRAND CLOS","url":"https:\/\/collegelegrandclos.fr\/","logo":{"@type":"ImageObject","inLanguage":"fr-FR","@id":"https:\/\/collegelegrandclos.fr\/#\/schema\/logo\/image\/","url":"","contentUrl":"","caption":"LE GRAND CLOS"},"image":{"@id":"https:\/\/collegelegrandclos.fr\/#\/schema\/logo\/image\/"}}]}},"_links":{"self":[{"href":"http:\/\/collegelegrandclos.fr\/index.php\/wp-json\/wp\/v2\/pages\/852","targetHints":{"allow":["GET"]}}],"collection":[{"href":"http:\/\/collegelegrandclos.fr\/index.php\/wp-json\/wp\/v2\/pages"}],"about":[{"href":"http:\/\/collegelegrandclos.fr\/index.php\/wp-json\/wp\/v2\/types\/page"}],"author":[{"embeddable":true,"href":"http:\/\/collegelegrandclos.fr\/index.php\/wp-json\/wp\/v2\/users\/1"}],"replies":[{"embeddable":true,"href":"http:\/\/collegelegrandclos.fr\/index.php\/wp-json\/wp\/v2\/comments?post=852"}],"version-history":[{"count":18,"href":"http:\/\/collegelegrandclos.fr\/index.php\/wp-json\/wp\/v2\/pages\/852\/revisions"}],"predecessor-version":[{"id":1417,"href":"http:\/\/collegelegrandclos.fr\/index.php\/wp-json\/wp\/v2\/pages\/852\/revisions\/1417"}],"wp:attachment":[{"href":"http:\/\/collegelegrandclos.fr\/index.php\/wp-json\/wp\/v2\/media?parent=852"}],"curies":[{"name":"wp","href":"https:\/\/api.w.org\/{rel}","templated":true}]}}