{"id":468,"date":"2024-12-29T17:57:07","date_gmt":"2024-12-29T16:57:07","guid":{"rendered":"https:\/\/collegelegrandclos.fr\/?page_id=468"},"modified":"2025-10-24T17:50:45","modified_gmt":"2025-10-24T15:50:45","slug":"actions","status":"publish","type":"page","link":"http:\/\/collegelegrandclos.fr\/index.php\/actions\/","title":{"rendered":"Parcours d&rsquo;Education artistique et culturelle (PEAC)"},"content":{"rendered":"<div class=\"root-eb-post-carousel-horf2 wp-block-essential-blocks-post-carousel\">\n    <div class=\"eb-parent-wrapper eb-parent-eb-post-carousel-horf2 \">\n        <div class=\"eb-post-carousel-horf2 style-2 slick-arrows equal-height dot-style-1 eb-post-carousel-wrapper\"\n            data-id=\"eb-post-carousel-horf2\"\n            data-querydata=\"a:13:{s:6:&quot;source&quot;;s:4:&quot;post&quot;;s:11:&quot;sourceIndex&quot;;i:0;s:9:&quot;rest_base&quot;;s:5:&quot;posts&quot;;s:14:&quot;rest_namespace&quot;;s:5:&quot;wp\/v2&quot;;s:6:&quot;author&quot;;s:0:&quot;&quot;;s:10:&quot;taxonomies&quot;;a:1:{s:8:&quot;category&quot;;a:5:{s:4:&quot;name&quot;;s:11:&quot;Cat\u00e9gories&quot;;s:9:&quot;rest_base&quot;;s:10:&quot;categories&quot;;s:14:&quot;rest_namespace&quot;;s:5:&quot;wp\/v2&quot;;s:4:&quot;slug&quot;;s:8:&quot;category&quot;;s:5:&quot;value&quot;;s:29:&quot;[{&quot;value&quot;:26,&quot;label&quot;:&quot;PEAC&quot;}]&quot;;}}s:8:&quot;per_page&quot;;s:1:&quot;6&quot;;s:6:&quot;offset&quot;;s:1:&quot;0&quot;;s:7:&quot;orderby&quot;;s:4:&quot;date&quot;;s:5:&quot;order&quot;;s:4:&quot;desc&quot;;s:7:&quot;include&quot;;s:0:&quot;&quot;;s:7:&quot;exclude&quot;;s:0:&quot;&quot;;s:15:&quot;exclude_current&quot;;b:0;}\"\n            data-slidersettings=\"{&quot;arrows&quot;:true,&quot;dots&quot;:true,&quot;autoplaySpeed&quot;:3000,&quot;speed&quot;:500,&quot;adaptiveHeight&quot;:true,&quot;autoplay&quot;:true,&quot;infinite&quot;:true,&quot;pauseOnHover&quot;:true,&quot;slideToShowRange&quot;:3,&quot;leftArrowIcon&quot;:&quot;fas fa-chevron-circle-left&quot;,&quot;rightArrowIcon&quot;:&quot;fas fa-chevron-circle-right&quot;,&quot;addIcon&quot;:false,&quot;showFallbackImg&quot;:false,&quot;fallbackImgUrl&quot;:&quot;&quot;,&quot;isRTLEnable&quot;:false,&quot;TABslideToShowRange&quot;:2,&quot;MOBslideToShowRange&quot;:1}\"\n            data-attributes=\"{&quot;preset&quot;:&quot;style-2&quot;,&quot;showThumbnail&quot;:true,&quot;showTitle&quot;:true,&quot;titleLength&quot;:&quot;10&quot;,&quot;titleTag&quot;:&quot;h2&quot;,&quot;showContent&quot;:true,&quot;contentLength&quot;:20,&quot;expansionIndicator&quot;:&quot;...&quot;,&quot;showReadMore&quot;:false,&quot;readmoreText&quot;:&quot;Read More&quot;,&quot;showMeta&quot;:true,&quot;headerMeta&quot;:&quot;[{\\&quot;value\\&quot;:\\&quot;date\\&quot;,\\&quot;label\\&quot;:\\&quot;Published Date\\&quot;}]&quot;,&quot;footerMeta&quot;:&quot;[]&quot;,&quot;authorPrefix&quot;:&quot;by&quot;,&quot;datePrefix&quot;:&quot;on&quot;,&quot;showBlockContent&quot;:true,&quot;leftArrowIcon&quot;:&quot;fas fa-chevron-circle-left&quot;,&quot;rightArrowIcon&quot;:&quot;fas fa-chevron-circle-right&quot;,&quot;showFallbackImg&quot;:false,&quot;isRTLEnable&quot;:false}\">\n\n            <div class=\"eb-post-carousel init-eb-post-carousel-horf2\"\n                data-id=\"eb-post-carousel-horf2\">\n                <article class=\"ebpg-carousel-post ebpg-post-carousel-column\" data-id=\"1552\"><div class=\"ebpg-carousel-post-holder\"><div class=\"ebpg-entry-media\">\n                <div class=\"ebpg-entry-thumbnail\">\n                    <a class=\"ebpg-post-link-wrapper eb-sr-only\" href=\"http:\/\/collegelegrandclos.fr\/index.php\/2026\/04\/02\/remise-des-prix-du-concours-de-dessin\/\">Remise des prix du concours de dessin<\/a>\n                    <img fetchpriority=\"high\" decoding=\"async\" width=\"2560\" height=\"1920\" src=\"http:\/\/collegelegrandclos.fr\/wp-content\/uploads\/2026\/04\/IMG_20260305_101309-scaled.jpg\" class=\"attachment-full size-full\" alt=\"\" \/>\n                <\/div>\n            <\/div><div class=\"ebpg-entry-wrapper\"><div class=\"ebpg-entry-meta ebpg-header-meta\"><div class=\"ebpg-entry-meta-items\"><span class=\"ebpg-posted-on\">\n            on <time dateTime=\"2026-04-02T12:15:37+02:00\">2 avril 2026<\/time>\n        <\/span><\/div><\/div><header class=\"ebpg-entry-header\">\n            <h2 class=\"ebpg-entry-title\">\n                <a class=\"ebpg-carousel-post-link\" href=\"http:\/\/collegelegrandclos.fr\/index.php\/2026\/04\/02\/remise-des-prix-du-concours-de-dessin\/\" title=\"remisedesprixduconcoursdedessin\">Remise des prix du concours de dessin<\/a>\n            <\/h2>\n        <\/header><div class=\"ebpg-entry-content\"><div class=\"ebpg-carousel-post-excerpt\">\n            <p>Le jeudi 5 mars 2026, le coll\u00e8ge du Grand Clos a organis\u00e9 la remise des prix de son concours de&#8230;<\/p>\n        <\/div><\/div><div class=\"ebpg-entry-meta ebpg-footer-meta\"><div class=\"ebpg-entry-meta-items\"><\/div><\/div><\/div><\/div><\/article><article class=\"ebpg-carousel-post ebpg-post-carousel-column\" data-id=\"1520\"><div class=\"ebpg-carousel-post-holder\"><div class=\"ebpg-entry-media\">\n                <div class=\"ebpg-entry-thumbnail\">\n                    <a class=\"ebpg-post-link-wrapper eb-sr-only\" href=\"http:\/\/collegelegrandclos.fr\/index.php\/2026\/03\/17\/nuit-de-la-lecture-2026\/\">Nuit de la Lecture 2026<\/a>\n                    <img decoding=\"async\" width=\"1154\" height=\"496\" src=\"http:\/\/collegelegrandclos.fr\/wp-content\/uploads\/2026\/03\/BANNIERE-X_1500x500px-1.jpg\" class=\"attachment-full size-full\" alt=\"\" \/>\n                <\/div>\n            <\/div><div class=\"ebpg-entry-wrapper\"><div class=\"ebpg-entry-meta ebpg-header-meta\"><div class=\"ebpg-entry-meta-items\"><span class=\"ebpg-posted-on\">\n            on <time dateTime=\"2026-03-17T13:23:49+01:00\">17 mars 2026<\/time>\n        <\/span><\/div><\/div><header class=\"ebpg-entry-header\">\n            <h2 class=\"ebpg-entry-title\">\n                <a class=\"ebpg-carousel-post-link\" href=\"http:\/\/collegelegrandclos.fr\/index.php\/2026\/03\/17\/nuit-de-la-lecture-2026\/\" title=\"nuitdelalecture2026\">Nuit de la Lecture 2026<\/a>\n            <\/h2>\n        <\/header><div class=\"ebpg-entry-content\"><div class=\"ebpg-carousel-post-excerpt\">\n            <p>Le jeudi 22 janvier 2026, de 17h30 \u00e0 19h30, le coll\u00e8ge du Grand Clos a vibr\u00e9 au rythme des mots&#8230;<\/p>\n        <\/div><\/div><div class=\"ebpg-entry-meta ebpg-footer-meta\"><div class=\"ebpg-entry-meta-items\"><\/div><\/div><\/div><\/div><\/article><article class=\"ebpg-carousel-post ebpg-post-carousel-column\" data-id=\"1182\"><div class=\"ebpg-carousel-post-holder\"><div class=\"ebpg-entry-media\">\n            <div class=\"ebpg-entry-thumbnail\">\n                <img decoding=\"async\" src=\"http:\/\/collegelegrandclos.fr\/wp-content\/plugins\/essential-blocks\/assets\/images\/placeholder.png\" alt=\"No Thumbnail Found\">\n            <\/div>\n        <\/div><div class=\"ebpg-entry-wrapper\"><div class=\"ebpg-entry-meta ebpg-header-meta\"><div class=\"ebpg-entry-meta-items\"><span class=\"ebpg-posted-on\">\n            on <time dateTime=\"2025-04-02T22:58:32+02:00\">2 avril 2025<\/time>\n        <\/span><\/div><\/div><header class=\"ebpg-entry-header\">\n            <h2 class=\"ebpg-entry-title\">\n                <a class=\"ebpg-carousel-post-link\" href=\"http:\/\/collegelegrandclos.fr\/index.php\/2025\/04\/02\/visite-du-musee-girodet-pour-tous-les-6e\/\" title=\"visitedumusegirodetpourtousles6e\">Visite du mus\u00e9e Girodet pour tous les 6e<\/a>\n            <\/h2>\n        <\/header><div class=\"ebpg-entry-content\"><div class=\"ebpg-carousel-post-excerpt\">\n            <p>Durant le mois de janvier, tous les \u00e9l\u00e8ves de 6e sont all\u00e9s visiter le mus\u00e9e Girodet, \u00e0 Montargis. Avec ma&#8230;<\/p>\n        <\/div><\/div><div class=\"ebpg-entry-meta ebpg-footer-meta\"><div class=\"ebpg-entry-meta-items\"><\/div><\/div><\/div><\/div><\/article><article class=\"ebpg-carousel-post ebpg-post-carousel-column\" data-id=\"998\"><div class=\"ebpg-carousel-post-holder\"><div class=\"ebpg-entry-media\">\n                <div class=\"ebpg-entry-thumbnail\">\n                    <a class=\"ebpg-post-link-wrapper eb-sr-only\" href=\"http:\/\/collegelegrandclos.fr\/index.php\/2025\/03\/02\/conference-de-redaction-chez-les-bdvoreurs\/\">CONFERENCE DE REDACTION CHEZ LES BDVOREURS !<\/a>\n                    <img decoding=\"async\" width=\"480\" height=\"640\" src=\"http:\/\/collegelegrandclos.fr\/wp-content\/uploads\/2025\/03\/image0-rotated.jpeg\" class=\"attachment-full size-full\" alt=\"\" \/>\n                <\/div>\n            <\/div><div class=\"ebpg-entry-wrapper\"><div class=\"ebpg-entry-meta ebpg-header-meta\"><div class=\"ebpg-entry-meta-items\"><span class=\"ebpg-posted-on\">\n            on <time dateTime=\"2025-03-02T15:44:08+01:00\">2 mars 2025<\/time>\n        <\/span><\/div><\/div><header class=\"ebpg-entry-header\">\n            <h2 class=\"ebpg-entry-title\">\n                <a class=\"ebpg-carousel-post-link\" href=\"http:\/\/collegelegrandclos.fr\/index.php\/2025\/03\/02\/conference-de-redaction-chez-les-bdvoreurs\/\" title=\"conferencederedactionchezlesbdvoreurs\">CONFERENCE DE REDACTION CHEZ LES BDVOREURS !<\/a>\n            <\/h2>\n        <\/header><div class=\"ebpg-entry-content\"><div class=\"ebpg-carousel-post-excerpt\">\n            <p>Mardi 25\/02, les apprentis journalistes du club critique (parrain\u00e9 par le dessinateur Franck Margerin) ont assembl\u00e9 avec Sylvain Gillet et&#8230;<\/p>\n        <\/div><\/div><div class=\"ebpg-entry-meta ebpg-footer-meta\"><div class=\"ebpg-entry-meta-items\"><\/div><\/div><\/div><\/div><\/article><article class=\"ebpg-carousel-post ebpg-post-carousel-column\" data-id=\"875\"><div class=\"ebpg-carousel-post-holder\"><div class=\"ebpg-entry-media\">\n                <div class=\"ebpg-entry-thumbnail\">\n                    <a class=\"ebpg-post-link-wrapper eb-sr-only\" href=\"http:\/\/collegelegrandclos.fr\/index.php\/2025\/01\/21\/nuit-de-la-lecture-3\/\">NUIT DE LA LECTURE<\/a>\n                    <img loading=\"lazy\" decoding=\"async\" width=\"1514\" height=\"854\" src=\"http:\/\/collegelegrandclos.fr\/wp-content\/uploads\/2025\/01\/planning_ndl.png\" class=\"attachment-full size-full\" alt=\"\" \/>\n                <\/div>\n            <\/div><div class=\"ebpg-entry-wrapper\"><div class=\"ebpg-entry-meta ebpg-header-meta\"><div class=\"ebpg-entry-meta-items\"><span class=\"ebpg-posted-on\">\n            on <time dateTime=\"2025-01-21T15:53:40+01:00\">21 janvier 2025<\/time>\n        <\/span><\/div><\/div><header class=\"ebpg-entry-header\">\n            <h2 class=\"ebpg-entry-title\">\n                <a class=\"ebpg-carousel-post-link\" href=\"http:\/\/collegelegrandclos.fr\/index.php\/2025\/01\/21\/nuit-de-la-lecture-3\/\" title=\"nuitdelalecture\">NUIT DE LA LECTURE<\/a>\n            <\/h2>\n        <\/header><div class=\"ebpg-entry-content\"><div class=\"ebpg-carousel-post-excerpt\">\n            <p>Demandez le programme!&#8230;<\/p>\n        <\/div><\/div><div class=\"ebpg-entry-meta ebpg-footer-meta\"><div class=\"ebpg-entry-meta-items\"><\/div><\/div><\/div><\/div><\/article><article class=\"ebpg-carousel-post ebpg-post-carousel-column\" data-id=\"863\"><div class=\"ebpg-carousel-post-holder\"><div class=\"ebpg-entry-media\">\n                <div class=\"ebpg-entry-thumbnail\">\n                    <a class=\"ebpg-post-link-wrapper eb-sr-only\" href=\"http:\/\/collegelegrandclos.fr\/index.php\/2025\/01\/18\/nuit-de-la-lecture-2\/\">NUIT DE LA LECTURE<\/a>\n                    <img loading=\"lazy\" decoding=\"async\" width=\"1654\" height=\"1654\" src=\"http:\/\/collegelegrandclos.fr\/wp-content\/uploads\/2025\/01\/la-nuit-de-la-lecture.png\" class=\"attachment-full size-full\" alt=\"\" \/>\n                <\/div>\n            <\/div><div class=\"ebpg-entry-wrapper\"><div class=\"ebpg-entry-meta ebpg-header-meta\"><div class=\"ebpg-entry-meta-items\"><span class=\"ebpg-posted-on\">\n            on <time dateTime=\"2025-01-18T15:58:25+01:00\">18 janvier 2025<\/time>\n        <\/span><\/div><\/div><header class=\"ebpg-entry-header\">\n            <h2 class=\"ebpg-entry-title\">\n                <a class=\"ebpg-carousel-post-link\" href=\"http:\/\/collegelegrandclos.fr\/index.php\/2025\/01\/18\/nuit-de-la-lecture-2\/\" title=\"nuitdelalecture\">NUIT DE LA LECTURE<\/a>\n            <\/h2>\n        <\/header><div class=\"ebpg-entry-content\"><div class=\"ebpg-carousel-post-excerpt\">\n            <p>Le&nbsp;jeudi 23 Janvier 2025&nbsp;aura lieu au coll\u00e8ge du Grand Clos la&nbsp;Nuit de la lecture de 17h \u00e0 20h&nbsp;: le coll\u00e8ge&#8230;<\/p>\n        <\/div><\/div><div class=\"ebpg-entry-meta ebpg-footer-meta\"><div class=\"ebpg-entry-meta-items\"><\/div><\/div><\/div><\/div><\/article>            <\/div>\n        <\/div>\n    <\/div>\n<\/div>","protected":false},"excerpt":{"rendered":"","protected":false},"author":1,"featured_media":0,"parent":0,"menu_order":0,"comment_status":"closed","ping_status":"closed","template":"","meta":{"_eb_attr":"","_monsterinsights_skip_tracking":false,"_monsterinsights_sitenote_active":false,"_monsterinsights_sitenote_note":"","_monsterinsights_sitenote_category":0,"ocean_post_layout":"","ocean_both_sidebars_style":"","ocean_both_sidebars_content_width":0,"ocean_both_sidebars_sidebars_width":0,"ocean_sidebar":"","ocean_second_sidebar":"","ocean_disable_margins":"enable","ocean_add_body_class":"","ocean_shortcode_before_top_bar":"","ocean_shortcode_after_top_bar":"","ocean_shortcode_before_header":"","ocean_shortcode_after_header":"","ocean_has_shortcode":"","ocean_shortcode_after_title":"","ocean_shortcode_before_footer_widgets":"","ocean_shortcode_after_footer_widgets":"","ocean_shortcode_before_footer_bottom":"","ocean_shortcode_after_footer_bottom":"","ocean_display_top_bar":"default","ocean_display_header":"default","ocean_header_style":"","ocean_center_header_left_menu":"","ocean_custom_header_template":"","ocean_custom_logo":0,"ocean_custom_retina_logo":0,"ocean_custom_logo_max_width":0,"ocean_custom_logo_tablet_max_width":0,"ocean_custom_logo_mobile_max_width":0,"ocean_custom_logo_max_height":0,"ocean_custom_logo_tablet_max_height":0,"ocean_custom_logo_mobile_max_height":0,"ocean_header_custom_menu":"","ocean_menu_typo_font_family":"","ocean_menu_typo_font_subset":"","ocean_menu_typo_font_size":0,"ocean_menu_typo_font_size_tablet":0,"ocean_menu_typo_font_size_mobile":0,"ocean_menu_typo_font_size_unit":"px","ocean_menu_typo_font_weight":"","ocean_menu_typo_font_weight_tablet":"","ocean_menu_typo_font_weight_mobile":"","ocean_menu_typo_transform":"","ocean_menu_typo_transform_tablet":"","ocean_menu_typo_transform_mobile":"","ocean_menu_typo_line_height":0,"ocean_menu_typo_line_height_tablet":0,"ocean_menu_typo_line_height_mobile":0,"ocean_menu_typo_line_height_unit":"","ocean_menu_typo_spacing":0,"ocean_menu_typo_spacing_tablet":0,"ocean_menu_typo_spacing_mobile":0,"ocean_menu_typo_spacing_unit":"","ocean_menu_link_color":"","ocean_menu_link_color_hover":"","ocean_menu_link_color_active":"","ocean_menu_link_background":"","ocean_menu_link_hover_background":"","ocean_menu_link_active_background":"","ocean_menu_social_links_bg":"","ocean_menu_social_hover_links_bg":"","ocean_menu_social_links_color":"","ocean_menu_social_hover_links_color":"","ocean_disable_title":"default","ocean_disable_heading":"default","ocean_post_title":"","ocean_post_subheading":"","ocean_post_title_style":"","ocean_post_title_background_color":"","ocean_post_title_background":0,"ocean_post_title_bg_image_position":"","ocean_post_title_bg_image_attachment":"","ocean_post_title_bg_image_repeat":"","ocean_post_title_bg_image_size":"","ocean_post_title_height":0,"ocean_post_title_bg_overlay":0.5,"ocean_post_title_bg_overlay_color":"","ocean_disable_breadcrumbs":"default","ocean_breadcrumbs_color":"","ocean_breadcrumbs_separator_color":"","ocean_breadcrumbs_links_color":"","ocean_breadcrumbs_links_hover_color":"","ocean_display_footer_widgets":"default","ocean_display_footer_bottom":"default","ocean_custom_footer_template":"","cybocfi_hide_featured_image":"","footnotes":""},"class_list":["post-468","page","type-page","status-publish","hentry","entry"],"aioseo_notices":[],"yoast_head":"<!-- This site is optimized with the Yoast SEO plugin v27.3 - https:\/\/yoast.com\/product\/yoast-seo-wordpress\/ -->\n<title>Parcours d&#039;Education artistique et culturelle (PEAC) - LE GRAND CLOS<\/title>\n<meta name=\"robots\" content=\"index, follow, max-snippet:-1, max-image-preview:large, max-video-preview:-1\" \/>\n<link rel=\"canonical\" href=\"http:\/\/collegelegrandclos.fr\/index.php\/actions\/\" \/>\n<meta property=\"og:locale\" content=\"fr_FR\" \/>\n<meta property=\"og:type\" content=\"article\" \/>\n<meta property=\"og:title\" content=\"Parcours d&#039;Education artistique et culturelle (PEAC) - LE GRAND CLOS\" \/>\n<meta property=\"og:url\" content=\"http:\/\/collegelegrandclos.fr\/index.php\/actions\/\" \/>\n<meta property=\"og:site_name\" content=\"LE GRAND CLOS\" \/>\n<meta property=\"article:modified_time\" content=\"2025-10-24T15:50:45+00:00\" \/>\n<meta name=\"twitter:card\" content=\"summary_large_image\" \/>\n<script type=\"application\/ld+json\" class=\"yoast-schema-graph\">{\"@context\":\"https:\\\/\\\/schema.org\",\"@graph\":[{\"@type\":\"WebPage\",\"@id\":\"http:\\\/\\\/collegelegrandclos.fr\\\/index.php\\\/actions\\\/\",\"url\":\"http:\\\/\\\/collegelegrandclos.fr\\\/index.php\\\/actions\\\/\",\"name\":\"Parcours d'Education artistique et culturelle (PEAC) - LE GRAND CLOS\",\"isPartOf\":{\"@id\":\"http:\\\/\\\/collegelegrandclos.fr\\\/#website\"},\"datePublished\":\"2024-12-29T16:57:07+00:00\",\"dateModified\":\"2025-10-24T15:50:45+00:00\",\"breadcrumb\":{\"@id\":\"http:\\\/\\\/collegelegrandclos.fr\\\/index.php\\\/actions\\\/#breadcrumb\"},\"inLanguage\":\"fr-FR\",\"potentialAction\":[{\"@type\":\"ReadAction\",\"target\":[\"http:\\\/\\\/collegelegrandclos.fr\\\/index.php\\\/actions\\\/\"]}]},{\"@type\":\"BreadcrumbList\",\"@id\":\"http:\\\/\\\/collegelegrandclos.fr\\\/index.php\\\/actions\\\/#breadcrumb\",\"itemListElement\":[{\"@type\":\"ListItem\",\"position\":1,\"name\":\"Accueil\",\"item\":\"http:\\\/\\\/collegelegrandclos.fr\\\/\"},{\"@type\":\"ListItem\",\"position\":2,\"name\":\"Parcours d&rsquo;Education artistique et culturelle (PEAC)\"}]},{\"@type\":\"WebSite\",\"@id\":\"http:\\\/\\\/collegelegrandclos.fr\\\/#website\",\"url\":\"http:\\\/\\\/collegelegrandclos.fr\\\/\",\"name\":\"LE GRAND CLOS\",\"description\":\"\",\"publisher\":{\"@id\":\"http:\\\/\\\/collegelegrandclos.fr\\\/#organization\"},\"potentialAction\":[{\"@type\":\"SearchAction\",\"target\":{\"@type\":\"EntryPoint\",\"urlTemplate\":\"http:\\\/\\\/collegelegrandclos.fr\\\/?s={search_term_string}\"},\"query-input\":{\"@type\":\"PropertyValueSpecification\",\"valueRequired\":true,\"valueName\":\"search_term_string\"}}],\"inLanguage\":\"fr-FR\"},{\"@type\":\"Organization\",\"@id\":\"http:\\\/\\\/collegelegrandclos.fr\\\/#organization\",\"name\":\"LE GRAND CLOS\",\"url\":\"http:\\\/\\\/collegelegrandclos.fr\\\/\",\"logo\":{\"@type\":\"ImageObject\",\"inLanguage\":\"fr-FR\",\"@id\":\"http:\\\/\\\/collegelegrandclos.fr\\\/#\\\/schema\\\/logo\\\/image\\\/\",\"url\":\"\",\"contentUrl\":\"\",\"caption\":\"LE GRAND CLOS\"},\"image\":{\"@id\":\"http:\\\/\\\/collegelegrandclos.fr\\\/#\\\/schema\\\/logo\\\/image\\\/\"}}]}<\/script>\n<!-- \/ Yoast SEO plugin. -->","yoast_head_json":{"title":"Parcours d'Education artistique et culturelle (PEAC) - LE GRAND CLOS","robots":{"index":"index","follow":"follow","max-snippet":"max-snippet:-1","max-image-preview":"max-image-preview:large","max-video-preview":"max-video-preview:-1"},"canonical":"http:\/\/collegelegrandclos.fr\/index.php\/actions\/","og_locale":"fr_FR","og_type":"article","og_title":"Parcours d'Education artistique et culturelle (PEAC) - LE GRAND CLOS","og_url":"http:\/\/collegelegrandclos.fr\/index.php\/actions\/","og_site_name":"LE GRAND CLOS","article_modified_time":"2025-10-24T15:50:45+00:00","twitter_card":"summary_large_image","schema":{"@context":"https:\/\/schema.org","@graph":[{"@type":"WebPage","@id":"http:\/\/collegelegrandclos.fr\/index.php\/actions\/","url":"http:\/\/collegelegrandclos.fr\/index.php\/actions\/","name":"Parcours d'Education artistique et culturelle (PEAC) - LE GRAND CLOS","isPartOf":{"@id":"http:\/\/collegelegrandclos.fr\/#website"},"datePublished":"2024-12-29T16:57:07+00:00","dateModified":"2025-10-24T15:50:45+00:00","breadcrumb":{"@id":"http:\/\/collegelegrandclos.fr\/index.php\/actions\/#breadcrumb"},"inLanguage":"fr-FR","potentialAction":[{"@type":"ReadAction","target":["http:\/\/collegelegrandclos.fr\/index.php\/actions\/"]}]},{"@type":"BreadcrumbList","@id":"http:\/\/collegelegrandclos.fr\/index.php\/actions\/#breadcrumb","itemListElement":[{"@type":"ListItem","position":1,"name":"Accueil","item":"http:\/\/collegelegrandclos.fr\/"},{"@type":"ListItem","position":2,"name":"Parcours d&rsquo;Education artistique et culturelle (PEAC)"}]},{"@type":"WebSite","@id":"http:\/\/collegelegrandclos.fr\/#website","url":"http:\/\/collegelegrandclos.fr\/","name":"LE GRAND CLOS","description":"","publisher":{"@id":"http:\/\/collegelegrandclos.fr\/#organization"},"potentialAction":[{"@type":"SearchAction","target":{"@type":"EntryPoint","urlTemplate":"http:\/\/collegelegrandclos.fr\/?s={search_term_string}"},"query-input":{"@type":"PropertyValueSpecification","valueRequired":true,"valueName":"search_term_string"}}],"inLanguage":"fr-FR"},{"@type":"Organization","@id":"http:\/\/collegelegrandclos.fr\/#organization","name":"LE GRAND CLOS","url":"http:\/\/collegelegrandclos.fr\/","logo":{"@type":"ImageObject","inLanguage":"fr-FR","@id":"http:\/\/collegelegrandclos.fr\/#\/schema\/logo\/image\/","url":"","contentUrl":"","caption":"LE GRAND CLOS"},"image":{"@id":"http:\/\/collegelegrandclos.fr\/#\/schema\/logo\/image\/"}}]}},"_links":{"self":[{"href":"http:\/\/collegelegrandclos.fr\/index.php\/wp-json\/wp\/v2\/pages\/468","targetHints":{"allow":["GET"]}}],"collection":[{"href":"http:\/\/collegelegrandclos.fr\/index.php\/wp-json\/wp\/v2\/pages"}],"about":[{"href":"http:\/\/collegelegrandclos.fr\/index.php\/wp-json\/wp\/v2\/types\/page"}],"author":[{"embeddable":true,"href":"http:\/\/collegelegrandclos.fr\/index.php\/wp-json\/wp\/v2\/users\/1"}],"replies":[{"embeddable":true,"href":"http:\/\/collegelegrandclos.fr\/index.php\/wp-json\/wp\/v2\/comments?post=468"}],"version-history":[{"count":3,"href":"http:\/\/collegelegrandclos.fr\/index.php\/wp-json\/wp\/v2\/pages\/468\/revisions"}],"predecessor-version":[{"id":1444,"href":"http:\/\/collegelegrandclos.fr\/index.php\/wp-json\/wp\/v2\/pages\/468\/revisions\/1444"}],"wp:attachment":[{"href":"http:\/\/collegelegrandclos.fr\/index.php\/wp-json\/wp\/v2\/media?parent=468"}],"curies":[{"name":"wp","href":"https:\/\/api.w.org\/{rel}","templated":true}]}}